{"id":195,"date":"2014-12-16T20:21:20","date_gmt":"2014-12-16T20:21:20","guid":{"rendered":"http:\/\/hotellosaromos.com.ar\/hotel\/?page_id=195"},"modified":"2014-12-22T15:41:02","modified_gmt":"2014-12-22T15:41:02","slug":"casino-mina-clavero","status":"publish","type":"page","link":"http:\/\/hotellosaromos.com.ar\/hotel\/tiempo-libre\/casino-mina-clavero\/","title":{"rendered":"Casino Mina Clavero"},"content":{"rendered":"<div class=\"su-heading su-heading-style-default su-heading-align-center\" id=\"\" style=\"font-size:24px;margin-bottom:20px\"><div class=\"su-heading-inner\">Casino Mina Clavero<\/div><\/div>\n<p>En el verano del 2007 qued\u00f3 inaugurado el nuevo edificio del Casino de Mina Clavero. Con 2.000m2 de superficie cubierta y unos 7.000m2 de \u00e1reas parquizadas se convirti\u00f3 en la sala de juegos m\u00e1s importante de la provincia. Se trata adem\u00e1s, del primer casino propiedad de Loter\u00eda de C\u00f3rdoba, que realiz\u00f3 una millonaria inversi\u00f3n para su construcci\u00f3n, sobre un predio de unos 11.000m2 cedidos por el Municipio de Mina Clavero.<\/p>\n<p><strong>Caracter\u00edsticas y Servicios<\/strong><br \/>\n\u2022 Sala de juegos: ruleta, black jack y punto y banca<br \/>\n\u2022 Slots o tragamonedas<br \/>\n\u2022 Sal\u00f3n VIP<br \/>\n\u2022 Rest\u00f3-bar<br \/>\n\u2022 Estacionamiento<\/p>\n<p><strong>Ubicaci\u00f3n<\/strong><br \/>\nAvenida Costanera y Olmos &#8211; Mina Clavero<br \/>\nTel. (03544) 470 082<\/p>\n<a href=\"http:\/\/hotellosaromos.com.ar\/hotel\/tiempo-libre\/\" class=\"su-button su-button-style-default\" style=\"color:#FFFFFF;background-color:#ef962d;border-color:#c07824;border-radius:5px\" target=\"_self\"><span style=\"color:#FFFFFF;padding:0px 16px;font-size:13px;line-height:26px;border-color:#f4b66c;border-radius:5px;text-shadow:none\"> Volver<\/span><\/a>\n","protected":false},"excerpt":{"rendered":"<p>En el verano del 2007 qued\u00f3 inaugurado el nuevo edificio del Casino de Mina Clavero. Con 2.000m2 de superficie cubierta y unos 7.000m2 de \u00e1reas parquizadas se convirti\u00f3 en la sala de juegos m\u00e1s importante de la provincia. Se trata [&hellip;]<\/p>\n","protected":false},"author":1,"featured_media":0,"parent":200,"menu_order":0,"comment_status":"closed","ping_status":"open","template":"page-templates\/attraction.php","meta":{"ngg_post_thumbnail":0,"footnotes":""},"_links":{"self":[{"href":"http:\/\/hotellosaromos.com.ar\/hotel\/wp-json\/wp\/v2\/pages\/195"}],"collection":[{"href":"http:\/\/hotellosaromos.com.ar\/hotel\/wp-json\/wp\/v2\/pages"}],"about":[{"href":"http:\/\/hotellosaromos.com.ar\/hotel\/wp-json\/wp\/v2\/types\/page"}],"author":[{"embeddable":true,"href":"http:\/\/hotellosaromos.com.ar\/hotel\/wp-json\/wp\/v2\/users\/1"}],"replies":[{"embeddable":true,"href":"http:\/\/hotellosaromos.com.ar\/hotel\/wp-json\/wp\/v2\/comments?post=195"}],"version-history":[{"count":5,"href":"http:\/\/hotellosaromos.com.ar\/hotel\/wp-json\/wp\/v2\/pages\/195\/revisions"}],"predecessor-version":[{"id":239,"href":"http:\/\/hotellosaromos.com.ar\/hotel\/wp-json\/wp\/v2\/pages\/195\/revisions\/239"}],"up":[{"embeddable":true,"href":"http:\/\/hotellosaromos.com.ar\/hotel\/wp-json\/wp\/v2\/pages\/200"}],"wp:attachment":[{"href":"http:\/\/hotellosaromos.com.ar\/hotel\/wp-json\/wp\/v2\/media?parent=195"}],"curies":[{"name":"wp","href":"https:\/\/api.w.org\/{rel}","templated":true}]}}