{"id":243,"date":"2014-12-22T16:17:39","date_gmt":"2014-12-22T16:17:39","guid":{"rendered":"http:\/\/hotellosaromos.com.ar\/hotel\/?page_id=243"},"modified":"2014-12-22T16:28:33","modified_gmt":"2014-12-22T16:28:33","slug":"peatonal-y-playa-central","status":"publish","type":"page","link":"http:\/\/hotellosaromos.com.ar\/hotel\/tiempo-libre\/peatonal-y-playa-central\/","title":{"rendered":"Peatonal y playa central"},"content":{"rendered":"<div class=\"su-heading su-heading-style-default su-heading-align-center\" id=\"\" style=\"font-size:24px;margin-bottom:20px\"><div class=\"su-heading-inner\">Peatonal y playa central<\/div><\/div>\n<p>La avenida San Mart\u00edn se transforma en peatonal durante las noches de verano, lo que convierte a esta arter\u00eda en un recorrido obligado para el turista, con propuestas de bares, paseos comerciales y tur\u00edsticos.<\/p>\n<p>La playa central de Mina Clavero se encuentra ubicada entre la avenida San Mart\u00edn y calle Olmos. En esta playa, punto de encuentro durante el d\u00eda, se realizan competencias deportivas y recreaci\u00f3n para todas las edades.<\/p>\n<a href=\"http:\/\/hotellosaromos.com.ar\/hotel\/tiempo-libre\/\" class=\"su-button su-button-style-default\" style=\"color:#FFFFFF;background-color:#ef962d;border-color:#c07824;border-radius:5px\" target=\"_self\"><span style=\"color:#FFFFFF;padding:0px 16px;font-size:13px;line-height:26px;border-color:#f4b66c;border-radius:5px;text-shadow:none\"> Volver<\/span><\/a>\n","protected":false},"excerpt":{"rendered":"<p>La avenida San Mart\u00edn se transforma en peatonal durante las noches de verano, lo que convierte a esta arter\u00eda en un recorrido obligado para el turista, con propuestas de bares, paseos comerciales y tur\u00edsticos. La playa central de Mina Clavero [&hellip;]<\/p>\n","protected":false},"author":1,"featured_media":0,"parent":200,"menu_order":0,"comment_status":"closed","ping_status":"open","template":"page-templates\/attraction.php","meta":{"ngg_post_thumbnail":0,"footnotes":""},"_links":{"self":[{"href":"http:\/\/hotellosaromos.com.ar\/hotel\/wp-json\/wp\/v2\/pages\/243"}],"collection":[{"href":"http:\/\/hotellosaromos.com.ar\/hotel\/wp-json\/wp\/v2\/pages"}],"about":[{"href":"http:\/\/hotellosaromos.com.ar\/hotel\/wp-json\/wp\/v2\/types\/page"}],"author":[{"embeddable":true,"href":"http:\/\/hotellosaromos.com.ar\/hotel\/wp-json\/wp\/v2\/users\/1"}],"replies":[{"embeddable":true,"href":"http:\/\/hotellosaromos.com.ar\/hotel\/wp-json\/wp\/v2\/comments?post=243"}],"version-history":[{"count":2,"href":"http:\/\/hotellosaromos.com.ar\/hotel\/wp-json\/wp\/v2\/pages\/243\/revisions"}],"predecessor-version":[{"id":252,"href":"http:\/\/hotellosaromos.com.ar\/hotel\/wp-json\/wp\/v2\/pages\/243\/revisions\/252"}],"up":[{"embeddable":true,"href":"http:\/\/hotellosaromos.com.ar\/hotel\/wp-json\/wp\/v2\/pages\/200"}],"wp:attachment":[{"href":"http:\/\/hotellosaromos.com.ar\/hotel\/wp-json\/wp\/v2\/media?parent=243"}],"curies":[{"name":"wp","href":"https:\/\/api.w.org\/{rel}","templated":true}]}}